 = 2*y + 3*y + 2*n, -4*y - l*n + 9 = 0. List the prime factors of -2 + 39/(y + 0).
11
Suppose 0 = -5*r + 1 + 9. Let n be 1*r*2/(-4). List the prime factors of (0 + n)*3*-3.
3
Let t(j) = -j**2 - 3*j + 1. Let w be t(-4). Let q = 4 + w. List the prime factors of (q/(-1))/(4/(-60)).
3, 5
Let c(t) be the second derivative of -2*t**3/3 - t**2 + 26*t. Let k(v) = -2*v - 1. Let s be k(2). What are the prime factors of c(s)?
2, 3
Suppose 5*n - 2*a = -279, -214 = 4*n - a + 4*a. Let d = n - -77. List the prime factors of d.
2, 11
Suppose 0 = -5*w + 10 + 170. List the prime factors of w.
2, 3
Suppose 0 = 2*a + a + 15. Let d = 3 + a. What are the prime factors of 1/(0 - d/22)?
11
Let j(m) = 5*m**3 - m + 1. Let w be 10/15 - (-2)/6. What are the prime factors of j(w)?
5
Let b(m) = -m**3 + 4*m**2 + 6*m - 2. Let a be b(5). Suppose 0 = 5*h + 2*o - 131, h + 0*h + a*o = 21. Let g = -18 + h. List the prime factors of g.
3
Let d(t) = -118*t**3 + 2*t**2 + 3*t + 1. Let q be d(-1). Let o = -75 + q. List the prime factors of o.
43
Let i be 1*(0 - 2) - -3. Let w(x) = 6*x**2 - x + 1. Let r be w(i). Suppose r = 3*z - z. What are the prime factors of z?
3
Suppose -14 = -4*p + 2. List the prime factors of p.
2
Let c(d) = -d**2 - 10*d - 10. Let f(u) = -9*u**3 + u**2. Let q be f(1). What are the prime factors of c(q)?
2, 3
Let z be (-4)/(-5)*10/4. Let w be (8/(-32))/(z/(-24)). Suppose 2*d - w*x = -2*d + 45, -100 = -5*d - 5*x. List the prime factors of d.
3, 5
Suppose -2*r + 4*x + 56 = 0, -3*x + 18 = r - 35. Suppose 0*k - r = -2*k. List the prime factors of k.
19
What are the prime factors of 8 - (1 + (-1 - -1))?
7
Let z be 22/(-4)*8/(-1). Let m = 14 - 12. Suppose 0 = k + m*k + 5*s - 16, -4*k - s = -z. What are the prime factors of k?
2, 3
Suppose -2*w + 16 = -0*w. What are the prime factors of w?
2
Let h(z) = z**2 + 4*z - 1. Let u be h(-4). Let y(a) = -a**3 - 2*a**2 + 2. Let b be y(-2). Let k = b - u. List the prime factors of k.
3
Let y = 19 - 5. Suppose -4*a - 1 = -w, w - 2*w = -a + 5. Let r = y + w. List the prime factors of r.
7
Suppose 0 = -3*w - 3*p + 6, 0*w + 17 = -4*w + p. Let v(d) be the third derivative of -d**5/60 - 7*d**4/24 - d**3/3 + d**2. List the prime factors of v(w).
2, 5
Suppose -5*a + 9*a = 0. Suppose 70 = 2*y - a. List the prime factors of y.
5, 7
List the prime factors of (-1156)/(-16) - 2/8.
2, 3
Let a(i) be the third derivative of -i**2 + 0*i + 0 + 1/12*i**4 - 1/120*i**6 + 1/12*i**5 - i**3. What are the prime factors of a(5)?
2
Suppose -4*s - f - 2*f + 111 = 0, 4*f - 112 = -4*s. List the prime factors of s.
3
Let l(w) = w**3 + 27*w**2 + 19*w - 53. What are the prime factors of l(-26)?
3, 43
Let n = -13 - 27. What are the prime factors of n/(-50)*(-90)/(-4)?
2, 3
Let r(x) = -5 + x + 3 - 4. Let q be r(10). Suppose q*b - 11 = 1. What are the prime factors of b?
3
Let f(w) = w**2 + 7*w + 1. Let k be f(-7). Let y(a) = 1 + 0 + 9*a + 0 + 10*a. List the prime factors of y(k).
2, 5
Let j(a) = a**3 - 4*a - 3. Let p be j(-2). Let s(b) = b**2. What are the prime factors of s(p)?
3
Suppose -i - 75 = -3*i + p, -2*p = -5*i + 186. What are the prime factors of i?
2, 3
Let o(u) = u**2 + 8*u - 5. Let z be o(5). List the prime factors of (-6)/(-45) + 712/z.
2, 3
Let w be (-1)/(-4) + (-15)/(-4). Suppose w*p - 40 = -2*r, 0*r = -4*p + 5*r + 12. List the prime factors of p.
2
Let n(t) = t**2 - 3*t + 3. Let u be n(3). Suppose -2*l = -u*z - 65, 4*l + 95 = 8*l + z. What are the prime factors of l?
5
Let u be 5 + 5/(10/(-4)). Suppose -u - 6 = -3*s, 0 = -4*r - s + 19. What are the prime factors of r?
2
Suppose 4*u = -6 + 14. Suppose -m = -6 - u. List the prime factors of (4/m)/((-1)/(-14)).
7
Let x(y) be the first derivative of y**3/3 + 3*y**2 + 4*y + 2. Let v be x(-6). Suppose -17 = -v*q + 31. What are the prime factors of q?
2, 3
List the prime factors of (-4)/(-3)*171/6.
2, 19
Let i(n) = n**2 + 9*n + 10. Let w = -1 - 8. What are the prime factors of i(w)?
2, 5
Let r(w) = w - 6. Let m be r(5). What are the prime factors of (m - -2) + -2 + 3?
2
Suppose 8*y - 4*y - 580 = 0. Suppose -3*f + 14 = -y. Suppose f + 7 = 3*d. What are the prime factors of d?
2, 5
Let h(b) = 86*b**2 + b - 1. What are the prime factors of h(-1)?
2, 3, 7
Let s(b) = 2*b + 2*b - b**3 + b**2 + 2*b**2. Let y be s(4). Suppose -l + 3 = z - 0*l, y = 3*l. What are the prime factors of z?
3
Let d(o) = 15*o**2 + 6*o - 8. What are the prime factors of d(2)?
2
Let p = -30 - -45. Suppose 2*v - v - p = 0. What are the prime factors of v?
3, 5
What are the prime factors of (8/(-14))/((-1)/7)*13?
2, 13
Let d(a) = -a**2 + 5. Let b be d(0). Let m be (2 - (-2 + -1 - -1))/2. Suppose 21 = -m*g + b*g. List the prime factors of g.
7
Let r(d) = -d**2 - 5*d - 1. Let j be r(-4). Let o be j/1*4/(-6). List the prime factors of (-38)/(-9) - o/(-9).
2
Let x(j) = 2*j - 12. Let z be x(9). Let g be (40/z)/(1/3). Suppose -2 - 1 = 3*b, 0 = 5*w - 5*b - g. What are the prime factors of w?
3
Suppose s + 5*p - 3 = 3*p, -2*s + 6 = p. Suppose s*a - 2*j + 5 = 0, 21 = 6*a - a + 4*j. What are the prime factors of (-46)/(-4) - a/(-2)?
2, 3
Let b(u) = -u**3 + 6*u**2 + u + 5. Let v be (-12)/2*(-2 + 1). Suppose 3*g - 2*c - 28 = 0, 3*g = v*c - 5*c + 23. List the prime factors of b(g).
11
List the prime factors of (632/(-16))/(1/(-2)).
79
Suppose -4*p - 2 = -2*p. Let u(h) = -10*h + 1. What are the prime factors of u(p)?
11
Let k be ((-14)/3)/((-2)/(-9)). Let p = k + 67. What are the prime factors of p?
2, 23
Let j be (-2)/(20/(-6))*5. Suppose -20 = -j*k + 4. What are the prime factors of k?
2
Let y(p) = -10*p**3 - 7*p**2 - 6*p - 1. Let w(b) = -11*b**3 - 8*b**2 - 7*b - 1. Let c(m) = -3*w(m) + 4*y(m). What are the prime factors of c(-2)?
3, 5
Suppose -q - 44 = -2*v, 4*v - 89 = -4*q + 23. Suppose -3*r + v = -24. What are the prime factors of r?
2
Let j = 90 + 85. What are the prime factors of j?
5, 7
Suppose 0 = 4*u - 3*u + 4, 188 = -5*g + 3*u. What are the prime factors of 1/3 - g/15?
3
Let s(o) = 4*o**3 + 2*o**2 - 1. Let g be s(1). Let q = 1 + g. What are the prime factors of q?
2, 3
Suppose l = 4*l. Suppose l*p = 4*p - 12. Suppose 5*i - 20 - 15 = 5*k, 0 = -5*i + p*k + 27. What are the prime factors of i?
3
Suppose -7*s + 2*s + 60 = 0. What are the prime factors of s?
2, 3
Let n be 6/10 - 384/(-10). Let a = -13 + n. What are the prime factors of a?
2, 13
Suppose -28 + 8 = -4*f. What are the prime factors of f?
5
Suppose 0 = -2*z + 3*z - 37. List the prime factors of z.
37
Let f be 0/(1*6/(-3)). Suppose -2*s + 2*r + 9 + 15 = f, -64 = -5*s + 4*r. What are the prime factors of s?
2
Let b = -2 + 6. Suppose a = -b*a. Suppose 5*c - 40 - 25 = a. What are the prime factors of c?
13
Suppose q = 2*z + 51, 0*q - 22 = z + 3*q. What are the prime factors of 10/z - 172/(-5)?
2, 17
Let b = -3 - -5. Suppose -4*u + 10 = -50. Suppose b*w + y - u = -0*y, y + 13 = 2*w. List the prime factors of w.
7
What are the prime factors of 2/(8/1524*3)?
127
Let c = 34 + 12. What are the prime factors of c?
2, 23
Let y(s) = -51*s + 2. What are the prime factors of y(-8)?
2, 5, 41
Suppose 0 = 4*l - 16 + 4. What are the prime factors of (l*-1)/(3/(-50))?
2, 5
Let x(d) = -d**3 - 6*d**2 - 5*d - 9. Let g(o) = -o - 11. Let n be g(-5). What are the prime factors of x(n)?
3, 7
Let o(t) = -t**3 - 14*t**2 + 5*t + 9. List the prime factors of o(-15).
3, 53
Let b = -44 - -53. What are the prime factors of b?
3
Let q(w) = -w + 4. Let h be 3/18 + (-46)/(-12). Let o be q(h). Suppose 3*j - 15 = -o*j. What are the prime factors of j?
5
Let t(y) = 4*y**2 - y. Let h be 2*(-3)/(2 - -1). Let o be h/(-3)*(-6)/4. List the prime factors of t(o).
5
Let d(p) = -p**3 + 14*p**2 + 20*p - 1. What are the prime factors of d(15)?
2, 37
Let w = -1 + 2. Let p = w - 4. List the prime factors of (9/(-6))/(p/8).
2
Suppose 0 = f - q + 6 - 3, 5*q - 33 = -4*f. Suppose f*h = z - 6, -65 = -5*z + 6*h - 3*h. What are the prime factors of z?
2
Let n(i) = 3*i - 4. Let d(f) = -f**2 + 6*f + 6. Let z be d(6). What are the prime factors of n(z)?
2, 7
Suppose 0 = j - y - 12 + 4, -4*j + 5 = 5*y. Let s(v) = j*v - v - v - 4 + 0. What are the prime factors of s(4)?
2
Suppose -6*b + 3*b = -3*f + 9, -f + 7 = -3*b. Let w(i) = 5*i. List the prime factors of w(f).
5
Let k = -2 + 1. What are the prime factors of k + -1 + 14 + 1?
13
Let k(v) = 3